{"id":26,"date":"2013-05-31T00:15:30","date_gmt":"2013-05-30T22:15:30","guid":{"rendered":"http:\/\/www.netzheimat.at\/yumi-klavier\/?page_id=26"},"modified":"2018-02-11T22:57:45","modified_gmt":"2018-02-11T21:57:45","slug":"unterricht","status":"publish","type":"page","link":"https:\/\/www.netzheimat.at\/klavier\/unterricht\/","title":{"rendered":"Unterricht"},"content":{"rendered":"<p style=\"text-align: justify;\"><img loading=\"lazy\" decoding=\"async\" class=\"alignright size-full wp-image-60\" src=\"https:\/\/www.netzheimat.at\/klavier\/wp-content\/uploads\/2013\/05\/unterricht.jpg\" alt=\"unterricht\" width=\"300\" height=\"200\" \/>Der Unterricht ist ganz individuell auf die Bed\u00fcrfnisse des Sch\u00fclers abgestimmt. Je nach Alter, Talent und bisheriger musikalischer Ausbildung unterscheiden sich Methoden und Lernziele, um den bestm\u00f6glichen Erfolg und Spa\u00df am Unterricht zu haben, egal ob Anf\u00e4nger oder Konzert-Pianist.<\/p>\n<p style=\"text-align: justify;\">Ich biete auch musikalische Fr\u00fcherziehung f\u00fcr Kinder ab 5 Jahren an. Ziel ist hier, spielerisch den Spa\u00df an der Musik zu entdecken und erste Kontakte mit dem Klavier zu bekommen.<\/p>\n<p style=\"text-align: justify;\">Ich organisiere nach M\u00f6glichkeit regelm\u00e4\u00dfig Klassenabende, damit auch die Vorbereitung auf ein Konzert und das Spielen vor Publikum ge\u00fcbt werden kann.<\/p>\n<p style=\"text-align: justify;\">Gro\u00dfen Wert lege ich bei allen meinen Sch\u00fclern auf eine ausgewogene Entwicklung der technischen Fertigkeiten und des musikalischen Verst\u00e4ndnisses. Ohne Technik kann der Sch\u00fcler seine musikalischen Ideen nicht umsetzen und ohne Musikalit\u00e4t hat er nichts worauf er seine Technik anwenden kann.<\/p>\n","protected":false},"excerpt":{"rendered":"<p>Der Unterricht ist ganz individuell auf die Bed\u00fcrfnisse des Sch\u00fclers abgestimmt. Je nach Alter, Talent und bisheriger musikalischer Ausbildung unterscheiden sich Methoden und Lernziele, um den bestm\u00f6glichen Erfolg und Spa\u00df am Unterricht zu haben, egal ob Anf\u00e4nger oder Konzert-Pianist. Ich biete auch musikalische Fr\u00fcherziehung f\u00fcr Kinder ab 5 Jahren an. Ziel ist hier, spielerisch den &hellip; <\/p>\n<p class=\"link-more\"><a href=\"https:\/\/www.netzheimat.at\/klavier\/unterricht\/\" class=\"more-link\"><span class=\"screen-reader-text\">\u201eUnterricht\u201c <\/span>weiterlesen<\/a><\/p>\n","protected":false},"author":1,"featured_media":0,"parent":0,"menu_order":0,"comment_status":"closed","ping_status":"closed","template":"","meta":{"footnotes":""},"class_list":["post-26","page","type-page","status-publish","hentry"],"_links":{"self":[{"href":"https:\/\/www.netzheimat.at\/klavier\/wp-json\/wp\/v2\/pages\/26","targetHints":{"allow":["GET"]}}],"collection":[{"href":"https:\/\/www.netzheimat.at\/klavier\/wp-json\/wp\/v2\/pages"}],"about":[{"href":"https:\/\/www.netzheimat.at\/klavier\/wp-json\/wp\/v2\/types\/page"}],"author":[{"embeddable":true,"href":"https:\/\/www.netzheimat.at\/klavier\/wp-json\/wp\/v2\/users\/1"}],"replies":[{"embeddable":true,"href":"https:\/\/www.netzheimat.at\/klavier\/wp-json\/wp\/v2\/comments?post=26"}],"version-history":[{"count":9,"href":"https:\/\/www.netzheimat.at\/klavier\/wp-json\/wp\/v2\/pages\/26\/revisions"}],"predecessor-version":[{"id":156,"href":"https:\/\/www.netzheimat.at\/klavier\/wp-json\/wp\/v2\/pages\/26\/revisions\/156"}],"wp:attachment":[{"href":"https:\/\/www.netzheimat.at\/klavier\/wp-json\/wp\/v2\/media?parent=26"}],"curies":[{"name":"wp","href":"https:\/\/api.w.org\/{rel}","templated":true}]}}